 - 5 + k + c. Let q be 6*(-1 - (-2)/4). Calculate y(q).
-3
Let o(n) = -2*n**2 - 3 + 3*n**2 - 5*n + 0*n**2. Suppose -l + 16 = 3*l. Suppose -q = 5*m - 6*q - 45, -l*q - 31 = -3*m. Give o(m).
-3
Let s(q) = -q. Let o be (-1 + -1)*4/8. Let i(p) = -p**3 + 4*p**2 + p + 7. Let c(a) = o*i(a) + 3*s(a). Give c(5).
-2
Let z(o) be the first derivative of -7*o**2/2 - 42. Give z(-2).
14
Let s(w) be the third derivative of w**5/30 - w**4/12 + w**3/6 + 6*w**2. Determine s(2).
5
Suppose 3*v - 3 = 4*v + 2*c, 0 = -5*v - 2*c + 17. Let u(m) = m**2 - 4*m + 1. Let g be u(4). Let f(j) = 2 - 2 - g + 2*j - 2. Give f(v).
7
Let c(s) be the second derivative of s**5/5 + s. Suppose 60 = 5*f + 15. Suppose 2*k + 2*p = -k - f, -2*k - 14 = 4*p. Calculate c(k).
-4
Let p = -8 + 8. Suppose -4*w - 8 + 4 = p. Let d(x) = x - 1. Let o(i) = -i + 1. Let z(n) = 6*d(n) + 7*o(n). What is z(w)?
2
Let t(y) = -1 - 3*y + 0 - 1. What is t(4)?
-14
Let g(d) be the first derivative of -d**6/30 - d**5/60 - d**4/24 - d**2/2 + 3. Let i(s) be the second derivative of g(s). What is i(-1)?
4
Let a(b) be the third derivative of -b**5/120 - b**4/12 - b**3/6 + b**2. Let o(d) be the first derivative of a(d). Suppose 3*v = -v - 8. Calculate o(v).
0
Let i(f) be the third derivative of 0 + 1/30*f**5 + 0*f**4 + 0*f + 1/3*f**3 + 5*f**2. Calculate i(2).
10
Let k be 0/5 - (-3)/45. Let f(s) be the third derivative of -1/6*s**3 + 0*s + 0 + 0*s**4 - k*s**5 + 2*s**2. Give f(-1).
-5
Let m(a) = a**2 + 10*a. Let h be m(-10). Let t(g) be the first derivative of g**3/3 + g**2/2 + 8*g + 1. Determine t(h).
8
Let m(o) = o**3 + 4*o**2 + 3*o - 2. Let q be m(-3). Let a(v) = 3*v - 1. Let r be a(2). Let g(u) = -u**2 + 4*u**2 - 3 - 2*u - r*u**2. What is g(q)?
-7
Let a be ((-7)/3)/((-2)/(-6)). Let d(i) = i + 7. Let r be d(a). Let p(s) = -2*s + 2*s**3 - 2*s - 6 + 3*s - s**2 - s**3. Give p(r).
-6
Let k(y) be the second derivative of 1/4*y**4 + 1/20*y**5 - 1/2*y**2 + 0 - y**3 + 2*y. What is k(-4)?
7
Let t(l) be the third derivative of l**6/120 + l**5/15 - 10*l**2. Determine t(-3).
9
Let i(b) = -8*b**2 - 1 - 1 - 3*b**3 - 4*b + 0*b**3 + 2*b**3. Calculate i(-7).
-23
Let u(c) = -c**2 + 3*c + 7. Let y be u(4). Let x(m) = m + 1. Determine x(y).
4
Let w(i) = i**3 + 4*i**2 + 3. Suppose h + 6 = -s, 4*h + s = h - 14. Determine w(h).
3
Let j(a) = -a**3 + a**2 - 5*a + 1. Let y(g) = -g**3 + 2*g**2 - 5*g. Let v(s) = 4*j(s) - 5*y(s). What is v(4)?
-8
Suppose 3*f = -o + 30, 4*f + 5*o - 45 = 2*o. Suppose -2*s + 4*m + f = -5, m = -2. Let g(z) = z - 1. Let t(a) = 5*a - 5. Let v(r) = -34*g(r) + 6*t(r). Give v(s).
-8
Let d(r) = -r**3 - 5*r**2 + r + 4. Suppose 0 = -5*h + 4*g - 21, 5*h + 30 = g + 6. Let x be d(h). Let o(b) = -9*b + 1. Calculate o(x).
10
Let f(u) be the third derivative of -u**6/120 + u**5/12 - u**4/24 + u**3/3 + 12*u**2. Let q = 1 - -4. Calculate f(q).
-3
Let s(t) = 7*t**2 - t - 1. Let p be 3/6*(-1 + 3 + -4). What is s(p)?
7
Let d(f) = 2*f**3 + 5 - 4*f**2 - 2 - 3*f**3 + 3*f. Determine d(-2).
-11
Suppose -21 = -2*k - 3. Let o(j) = k - j**2 - 5 - j + 0. Determine o(-3).
-2
Let u(r) = -2*r. Let k be (19/(-38))/((-2)/16). Suppose 0 = -2*b + k*b + 2. Determine u(b).
2
Suppose 38 = -2*u + 42. Let a(c) be the first derivative of -c**2 - 2. Give a(u).
-4
Let s(n) = -2*n**2 + n + 4. Let i(c) = 3*c - 21. Let a be i(8). Give s(a).
-11
Let k(d) = d**3 + 3*d**2 - 5*d - 2. Let v be k(-4). Let o(b) be the first derivative of -b + 1/2*b**2 + v. Calculate o(-3).
-4
Suppose 3*d + 10 = -2*p + 4, 0 = -3*p + 3*d + 21. Suppose p*w - 5 - 4 = 0. Let v(y) = -5*y**2 + 3*y - 1 + w + 1 + y**3. What is v(4)?
-1
Let c = 9 - 14. Let z(w) = w**2 - 4*w**2 - 5*w + w**2 + w**2. What is z(c)?
0
Let c(i) = i**2 - i + 1. Suppose 0 = 2*l + 3*l. Suppose l = -5*y + 3 + 12. Suppose -2*d - 2 = -3*m - 0*m, -3*d = -y*m. Give c(d).
3
Let w(v) = 70*v**3 - 71*v**3 + 2*v + 0 + 4*v**2 + 3 - 4. Calculate w(2).
11
Let s(t) = -9*t**2 - 4*t**2 + 18*t**2 - 7*t**2 - 2*t + 4. Let n = -2 + 2. Suppose n = 3*o + 2*o, 4*z + 12 = -2*o. Calculate s(z).
-8
Let m(g) = 1 - 6 - 3 - 54*g + 53*g. Give m(-5).
-3
Let d = 9 + -6. Let v(o) = -4 + 0*o + 4 + 4 + o. Calculate v(d).
7
Suppose 10*n - 13*n = -15. Let v(o) = 3 - 9*o**2 + 3*o**2 - 1 + n - o**3. Give v(-6).
7
Suppose -8 = 4*n - 2*k - 72, 4*k + 48 = 3*n. Suppose -s + 5*w + 8 = 0, 2*s + s = -5*w - n. Let h(i) = -3*i - 3. Calculate h(s).
3
Let j be (-4)/12 + 11/(-3). Suppose 4*p + 8 = 5*v, -v - 3*v + 3*p + 7 = 0. Let f(m) = 3*m - 5*m - v + 2 + m. Determine f(j).
2
Let n = -17 + 15. Let a be 58/18 + (-4)/18. Let c(v) = a*v**2 + v + 1 - 6*v**2 + 2*v**2. Calculate c(n).
-5
Let q(r) be the first derivative of -r**5/60 + r**4/24 - r**3/6 + r**2 + 9. Let i(b) be the second derivative of q(b). Give i(-2).
-7
Suppose -3*t - 15 = 3*a, 25 = -3*a + 5*t + 10. Let r(h) = -3*h - 7. What is r(a)?
8
Suppose -74*p = -54*p + 100. Let w(v) = v + 10 + 5 - 3. Calculate w(p).
7
Let f(b) = b**3 - b + 29. Let v be 4/(-12)*-9 - 3. Give f(v).
29
Let n(j) be the first derivative of -10*j**3/3 + j**2/2 - 1. Suppose 5*x + q + 0*q - 1 = 0, x = -4*q - 15. Give n(x).
-9
Let a(h) = -20*h + 10. Let s(o) = -3*o - 4*o - 3 + 5 + 1. Let x(k) = -2*a(k) + 7*s(k). Let r(d) = -2*d**3 - 2*d**2 - d. Let l be r(-1). Give x(l).
-8
Let h(t) = t - 8. Let z(w) = w - 10. Let c be z(4). Determine h(c).
-14
Suppose 4*o + 3 = 3*o, -m + 2*o + 9 = 0. Suppose -t = -m*t. Let i(u) = -u**3 + u**2 - u + 1. Determine i(t).
1
Let w(c) be the third derivative of -c**6/180 - c**5/120 - c**4/3 - 5*c**2. Let p(m) be the second derivative of w(m). Determine p(-2).
7
Let q(o) = -7*o + 17. Let k(n) = 4*n - 8. Let g(d) = 7*k(d) + 3*q(d). Give g(4).
23
Suppose z - 2*z + 8 = 2*x, 0 = x - 3. Let a be ((-8)/(-2))/z - -5. Let m = -11 + a. Let y(u) = u + 2. Determine y(m).
-2
Let s(v) = -v + 9. Let l be s(7). Let w(z) = -z**2 - 2*z - 4. Let t(n) = -3*n**2 - 3*n - 8. Let i(x) = l*t(x) - 5*w(x). Suppose 4*j = -j + 25. What is i(j)?
-1
Let r(d) = d + 3. Suppose 0 = 5*h - 25, 2*x - 3*h + 23 = 2*h. Suppose 16 - x = -5*o. Calculate r(o).
0
Let l(c) = -2*c - 2. Let i be l(-2). Let y(v) = -2 + 3 + v - i*v**2 + v**2. What is y(2)?
-1
Suppose l = -4*l + 10. Let p(v) = -3*v**2 + 4*v - 7. Let y(h) = h**2 - h + 2. Let b(o) = l*p(o) + 7*y(o). Calculate b(-2).
2
Suppose -7 = -3*q + 2. Let d(s) be the second derivative of 1/2*s**2 + s + 0 - 1/6*s**q. What is d(0)?
1
Let p(v) be the second derivative of -v**5/20 + 5*v**4/12 + v. Suppose -5 = -2*a + g, -40 = 3*a - 6*a - 5*g. Give p(a).
0
Let n(t) = 2 + 2*t**2 + 0*t - 2*t + t**2 - 4*t**2. Let k = -3 + 3. Let u = k + -3. Determine n(u).
-1
Let x(t) = t + 1. Suppose 0 = d - 9*d + 24. What is x(d)?
4
Let v(w) = w**2 - 2*w + 7. Let g(a) be the first derivative of -3 - a + 1/2*a**2. Let c(p) = 6*g(p) + v(p). What is c(-3)?
-2
Let d(s) = 3*s**3 - 23*s**2 + 3*s - 17. Let c(n) = 6 + 8*n**2 - 7*n**3 - 3*n + 6*n**3 + 6*n - 4*n. Let w(t) = -11*c(t) - 4*d(t). Calculate w(3).
8
Suppose 0 = v - 3, 3*x = -0*x + 2*v + 24. Suppose -o - x = o. Let j(d) = 6*d - 5. Let y(k) = 5*k - 4. Let q(r) = -4*j(r) + 5*y(r). What is q(o)?
-5
Let a = -4 + 10. Let k = -3 + a. Let u(p) = -4*p + k*p + 0*p. Determine u(3).
-3
Let g(x) = -4*x + x + 0 + 1. Suppose -2*w + 4*v = -22, 0 = 6*w - 4*w - 2*v - 16. Let z be (56/70)/(2/w). Give g(z).
-5
Let b(c) = 10 + 2 - 3*c - 7 - c**2. Calculate b(-5).
-5
Let t(k) be the second derivative of 0 - 5*k + k**3 + 7/2*k**2 + 1/12*k**4. Give t(-5).
2
Let q be -2 + 1*(-10)/5. Let x(o) = o**2 + 4*o + 4. Determine x(q).
4
Suppose 0 = -4*f - 8, -5*g + 5*f - 6 + 26 = 0. Let t(y) = 0 + 0 - y - g. Suppose 2*r + 7 = -1. Give t(r).
2
Let y(w) = 9*w + 4. Let d(b) = 26*b + 11. Let o(n) = -6*d(n) + 17*y(n). Calculate o(-2).
8
Suppose -6 + 0 = -u - 3*x, 3*x - 6 = 0. Let t(g) = u + 2*g - 6*g - 4 + g. Let f be t(-3). Let n(j) = -j**3 + 6*j**2 - 3*j - 7. Determine n(f).
3
Let k(z) = 12*z - 9*z - 5*z + 1. Suppose 3*h + 2*h - 20 = 0, -14 = 5*q - h. Determine k(q).
5
Let k(o) be the first derivative of -1/2*o**2 - 13*o + 6 + 1/3*o**3 + 1/4*o**4. Calculate k(0).
-13
Let b(w) = w**3 + 7*w**2 + 7*w + 6. Suppose 15 = -5*x - 15. Give b(x).
0
Let l(s) be the first derivative of 4*s**3/3 - s**2/2 - 2*s + 3. Suppose -5*k + 25 = 0, -4*j + 0*j = 3*k - 23. What is l(j)?
12
Let s(r) = -r**2 + 12*r - 8. Let u = -133 + 144. Give s